 + 309. Calculate m(33).
12
Let z(b) = 289*b + 26. Give z(1).
315
Let z(o) = o**2 + o - 1433. Determine z(37).
-27
Let f(c) = 2*c**2 - 19*c - 6393. Give f(-52).
3
Let o(u) = -667*u + 145400. What is o(218)?
-6
Let w(u) = u**3 + 16*u**2 + 32*u + 78. Calculate w(-14).
22
Let p(o) = 4*o**3 + 29*o**2 - 31*o - 39. Give p(-8).
17
Let y(a) = 49*a - 438. Calculate y(12).
150
Let h(s) = 395*s - 1589. What is h(4)?
-9
Let a(m) = -884*m + 23000. Give a(26).
16
Let t(y) = -3*y + 171. Determine t(-3).
180
Let v(q) = 315*q - 3750. Give v(12).
30
Let d(h) = -88*h + 110. Calculate d(3).
-154
Let d(y) = y**2 + 73*y + 655. What is d(-51)?
-467
Let h(w) = -35*w + 3794. What is h(114)?
-196
Let b(i) = -3*i + 200. Determine b(0).
200
Let a(g) = -71*g - 521. What is a(-2)?
-379
Let y(u) = -10*u**2 + 195*u - 45. Calculate y(20).
-145
Let u(z) = z**3 - 34*z**2 + 166*z - 1. Calculate u(6).
-13
Let c(l) = 3*l**2 - 7. What is c(-4)?
41
Let s(q) = -2*q**3 - 17*q**2 + 3*q - 8. Determine s(-9).
46
Let u(j) = j**3 - 45*j**2 - 46*j + 83. What is u(46)?
83
Let d(o) = 28*o - 254. Calculate d(6).
-86
Let u(o) = -2*o**2 - 19*o + 21. Calculate u(-18).
-285
Let u(a) = -a**2 + 2*a + 63. What is u(-7)?
0
Let t(i) = 7*i**3 + 2*i**2 + 5. What is t(0)?
5
Let q(g) = 5*g**3 + 8*g**2 - 2*g - 1. What is q(2)?
67
Let y(t) = t**3 + 34*t**2 + 51*t - 328. What is y(-32)?
88
Let p(q) = 169*q + 4219. What is p(-25)?
-6
Let j(o) = 2*o**2 - 182*o + 3744. Determine j(29).
148
Let c(h) = 2*h**3 + 105*h**2 + 156*h + 103. Give c(-51).
-50
Let b(f) = 92*f + 276. Give b(-3).
0
Let d(o) = 203*o + 151. Determine d(-4).
-661
Let q(k) = k**3 + 9*k**2 + 20*k + 460. Determine q(-11).
-2
Let j(b) = b**3 - 10*b**2 + 29*b - 54. Give j(6).
-24
Let l(k) = -8*k**2 - 58*k - 55. Give l(-4).
49
Let s(h) = -18*h**3 + 35*h**2 + h + 6. What is s(2)?
4
Let f(d) = -9*d**2 + 183*d + 5235. Calculate f(-16).
3
Let q(x) = -16*x**3 - 962*x**2 - 121*x - 58. What is q(-60)?
2
Let d(s) = -6*s**2 - 7*s - 26. What is d(-4)?
-94
Let y(n) = 7*n**3 + 6*n**2 - 13*n. Give y(-2).
-6
Let n(j) = 536*j + 101839. Give n(-190).
-1
Let x(m) = m**3 - 5*m**2 + 3*m - 19. What is x(6)?
35
Let b(v) = -v**3 - 11*v**2 + 9*v - 26. What is b(-10)?
-216
Let v(t) = -t**3 - 25*t**2 + 151*t - 32. Determine v(-30).
-62
Let d(q) = -2*q**3 + 12*q**2 + 2*q - 23. What is d(4)?
49
Let r(x) = -3*x**2 - 70*x + 247. Give r(-28).
-145
Let x(v) = -v**3 + 32*v**2 + 9*v - 81. Calculate x(32).
207
Let b(v) = v**3 + 7*v**2 - 53*v + 45. Give b(-12).
-39
Let b(y) = 4*y**3 + 60*y**2 + 6*y + 5. Determine b(-15).
-85
Let s(u) = -375*u + 1857. Determine s(5).
-18
Let m(p) = 2*p**2 - 28*p - 151. Determine m(-6).
89
Let y(c) = 100*c - 463. Give y(5).
37
Let f(b) = 71*b + 938. Give f(-13).
15
Let w(m) = -389*m + 9331. Determine w(24).
-5
Let c(f) = 2*f**2 - 64*f + 40. Determine c(2).
-80
Let p(z) = -73*z - 2708. What is p(-36)?
-80
Let g(f) = 106*f + 942. Determine g(-9).
-12
Let y(z) = 211*z - 3170. Determine y(15).
-5
Let x(m) = 206*m + 195. Determine x(-1).
-11
Let m(u) = -3*u**3 + 3*u**2 + 39*u + 131. Determine m(-3).
122
Let s(z) = -224*z - 3282. Determine s(-14).
-146
Let v(p) = 4*p**3 - 48*p**2 - 10*p + 54. Determine v(0).
54
Let p(k) = -k**2 - 43*k + 236. Determine p(-48).
-4
Let t(i) = -i**3 + 227*i**2 + 690*i - 4. What is t(230)?
-4
Let w(z) = -z**3 + 8*z**2 - 30*z + 98. Calculate w(6).
-10
Let o(c) = -574*c + 13778. Calculate o(24).
2
Let n(v) = -v**3 + 2*v**2 - 7*v - 44. Determine n(-4).
80
Let h(u) = 5*u**2 - 80*u - 533. Give h(-5).
-8
Let t(a) = -2*a**3 + 17*a**2 - 8*a - 38. What is t(8)?
-38
Let a(c) = 2*c + 19. Determine a(-18).
-17
Let b(k) = 2*k**2 + 62*k - 281. What is b(-35)?
-1
Let p(y) = 251*y - 1833. Determine p(8).
175
Let h(k) = -2*k**2 + 34*k - 65. Give h(7).
75
Let z(m) = -4*m**2 - 254*m + 81. Calculate z(-64).
-47
Let i(g) = 922*g + 65452. Calculate i(-71).
-10
Let j(q) = 160*q**2 + 5440*q + 19. Give j(-34).
19
Let q(b) = -1061*b - 2106. Calculate q(-2).
16
Let i(p) = p**3 - 30*p**2 - 60*p - 158. Give i(32).
-30
Let r(s) = -s**3 + 199*s**2 - 1340*s - 767. Give r(192).
1
Let m(k) = -48*k + 284. Give m(6).
-4
Let h(x) = x**2 + 15*x + 25. Calculate h(-5).
-25
Let n(m) = -121*m + 132. Give n(1).
11
Let s(h) = -14*h**2 + 281*h + 58. Determine s(20).
78
Let s(u) = u**2 - 35*u - 177. Calculate s(-6).
69
Let r(j) = 49*j**2 - 39*j + 39. Determine r(1).
49
Let u(g) = g**2 - 145*g - 1668. What is u(156)?
48
Let q(r) = 2*r**2 + 12*r + 40. Give q(-5).
30
Let r(b) = 18*b**2 - 479*b - 202. Calculate r(27).
-13
Let r(g) = 223*g - 10680. Calculate r(48).
24
Let p(t) = -58*t + 777. Calculate p(14).
-35
Let z(p) = 35*p**3 + 2*p**2 + 11*p - 33. Give z(2).
277
Let u(h) = 8*h + 281. Determine u(-47).
-95
Let f(n) = -n**2 + 29*n + 146. What is f(30)?
116
Let g(d) = d**3 - 38*d**2 - 64*d - 632. What is g(40)?
8
Let s(m) = m**3 + 19*m**2 + 40*m + 92. Determine s(-17).
-10
Let o(q) = 83*q - 179. Calculate o(3).
70
Let n(s) = -8*s**2 + 13*s - 53. Determine n(5).
-188
Let k(y) = 2334*y**2 - 25674*y - 13. Give k(11).
-13
Let z(u) = u**3 + 9*u**2 + 18*u - 7. What is z(-6)?
-7
Let x(u) = -16192*u - 64770. Give x(-4).
-2
Let t(x) = -2*x**3 - 8*x**2 - 12*x - 3. Calculate t(-2).
5
Let m(g) = -12*g - 216. Determine m(-23).
60
Let r(t) = t**3 + 14*t**2 + 40*t + 138. Give r(-11).
61
Let w(j) = j**2 + 8*j + 35. Calculate w(-15).
140
Let p(y) = -4220*y + 113934. What is p(27)?
-6
Let b(n) = -335*n + 2007. Determine b(6).
-3
Let g(r) = r**2 + 3*r - 76. Give g(7).
-6
Let o(u) = u**3 - 12*u**2 + 2*u + 20. Calculate o(11).
-79
Let q(u) = 3*u**3 - 5*u**2 + 4*u + 6. Give q(-3).
-132
Let z(w) = w**2 - 829*w - 13503. Calculate z(-16).
17
Let j(o) = 4*o**2 - 30*o + 35. What is j(7)?
21
Let v(f) = -3*f**2 - 2318*f - 25122. Calculate v(-11).
13
Let j(z) = 5*z + 77. Calculate j(-1).
72
Let v(d) = 18*d + 260. Determine v(-18).
-64
Let b(n) = -2*n**2 - 111*n - 169. What is b(-54)?
-7
Let y(g) = -2*g**2 - 116*g - 1170. Calculate y(-44).
62
Let m(q) = 22*q - 1158. Give m(46).
-146
Let b(n) = 8*n**2 + 15*n + 11. What is b(-5)?
136
Let n(g) = 2*g**3 + 328*g**2 + 323*g - 482. Determine n(-163).
7
Let i(b) = b**2 + 17*b - 355. Give i(-30).
35
Let r(o) = -o**3 - 10*o**2 - 24*o + 24. Give r(-6).
24
Let f(g) = -42*g - 22. Determine f(-5).
188
Let z(d) = 4*d**2 + 494*d - 755. What is z(-125)?
-5
Let d(o) = -o**3 - 23*o**2 + 27*o - 37. Determine d(-24).
-109
Let h(w) = 21*w + 523. Give h(-30).
-107
Let z(p) = -p**2 - 92*p - 1046. Give z(-77).
109
Let l(n) = -7*n**2 + 175*n - 39. Determine l(26).
-221
Let y(j) = -4*j**3 - 47*j**2 + 29*j + 198. Give y(-12).
-6
Let n(j) = 4*j**2 + 442*j - 178. What is n(-110)?
-398
Let s(j) = -3*j**2 - 7*j + 3. What is s(-7)?
-95
Let l(d) = -181*d + 8321. Determine l(46).
-5
Let m(d) = -496*d - 29774. Give m(-60).
-14
Let x(k) = 952*k + 6705. Give x(-7).
41
Let m(d) = -7806*d + 46834. What is m(6)?
-2
Let z(o) = -2*o**3 + 20*o**2 - 3*o + 2. Calculate z(9).
137
Let y(x) = 7*x**2 + 223*x + 217. Calculate y(-31).
31
Let w(f) = 86*f + 3713. Give w(-45).
-157
Let c(v) = -37*v + 368. Determine c(9).
35
Let p(w) = -w**3 + 30*w**2 - 219*w + 23. Determine p(19).
-167
Let j(b) = -b**3 - 13*b**2 - 34*b + 10. Determine j(-8).
-38
Let k(n) = -6356*n - 31836. What is k(-5)?
-56
Let q(g) = -g**3 + 8*g**2 + 138*g - 615. Determine q(4).
1
Let h(w) = -w**2 + 11*w - 9. Determine h(3).
15
Let q(h) = -81*h**3 - 20*h**2 - 34*h - 35. Calculate q(-1).
60
Let z(d) = 32*d - 19. What is z(-6)?
-211
Let x(o) = -88*o - 18260. Determine x(-208).
44
Let k(i) = -500*i - 1001. Determine k(-2).
-1
Let v(s) = s**2 + 144*s - 8501. Give v(-189).
4
Let l(a) = -a**2 - 4*a + 149. Determine l(11).
-16
Let h(o) = o**2 - 31*o + 182. What is h(12)?
-46
Let t(c) = -c**3 - c**2 - 105*c. Calculate t(0).
0
Let c(q) = -q**2 - 4*q + 1. Calculate c(1).
-4
Let a(v) = -21*v**3 + 12*v**2 - 4*v + 3. Determine a(1).
-10
Let o(d) = -d**2 - 50*d + 322. Give o(-56).
-14
Let r(a) = 10*a**2 + 43*a - 36. What is r(-5)?
-1
Let n(t) = -7*t**2 + 6*t + 36. Give n(-5).
-169
Let r(u) = -34*u + 3827. Determine r(115).
-83
Let j(n) = -6*n**2 + 7*n - 26. Determine j(4).
-94
Let z(h) = -12*h**2 + 20*h + 256. Determine z(-4).
-16
Let g(y) = 171*y**2 + 683*y + 1. Calculate g(-4).
5
Let i(c) = -3*c**2 - 378*c + 375. Give i(1).
-6
Let w(b) = 20*b**2 - 24*